*x - 234. Is l(v) prime?
False
Suppose 4*x = -0*x. Suppose -p + 4*j - 28 = x, -p + 3*j = p + 31. Is 9541/28 + -1 + 6/p a prime number?
False
Let i(o) = 953*o**2 + 32*o - 21. Let b be i(6). Let q = b - 17986. Is q a prime number?
True
Let b(o) = 6*o - 12. Let w be b(8). Let u = 41 - w. Suppose 832 = 2*x + 2*x - 4*c, -4*x + u*c = -829. Is x prime?
True
Suppose -5006*h = -5000*h - 18. Let y be (1455/20)/((-6)/(-16)). Suppose -f - v = -y, -f + h*f = v + 403. Is f a prime number?
True
Let z be (-4 - (-135)/10)/(1/2). Suppose 15*d + 1852 = z*d. Let i = 178 + d. Is i a composite number?
False
Is 3708008/56 + -3*(-5)/(-35) - -7 composite?
False
Let n be (3 + (-14112)/20)/(9/(-45)). Suppose n = -36*z + 39*z. Is z a prime number?
True
Suppose -537*z + 554*z = 1355869. Is z a composite number?
False
Let s(v) = 5388*v + 803. Is s(10) a prime number?
False
Let j(m) = 553*m**3 - 5*m**2 - 3*m + 4. Let p be j(3). Suppose 0 = 4*u - 4*i + 8*i - 29720, 0 = -2*u + 5*i + p. Is u a composite number?
False
Suppose -30 = 8*z - 13*z. Suppose 5*d = -5*j - 40, 7*d + z = 4*d. Is j/14 - 12614/(-49) composite?
False
Let f = 10003 - 137. Let z = 17243 - f. Is z composite?
True
Let b(i) = 9*i**2 + 4*i - 5*i - 4*i**2 - 4*i**2 + 19. Let t be b(-13). Suppose 15*d = 12*d + t. Is d composite?
False
Suppose -11*g - 3*g + 3689736 = 10*g. Is g prime?
True
Suppose 0 = -v + 21*l - 19*l + 219205, 5*l + 657621 = 3*v. Is v prime?
True
Let z = 1450 + -543. Suppose 29012 = -z*c + 911*c. Is c prime?
True
Let n(o) = 655*o**2 - 5*o - 37. Let f be n(-5). Suppose 2*x - m = 40493, -m + 24140 = 2*x - f. Is x a composite number?
False
Let g = 73 + -76. Let m be (-17862)/(-15) - g/15. Let a = 2182 - m. Is a composite?
False
Let c be 3/4 - 809903/16*4. Is (-15)/(-10) + c/(-10) prime?
True
Suppose 209*p - 15912777 - 241324677 = 403322303. Is p composite?
True
Let h = -3607 + 3489. Let m = -388 - 311. Let j = h - m. Is j a composite number?
True
Suppose 3*m = -2*h + 62, -5*h + m + 179 - 58 = 0. Suppose 222369 = -4*s + h*s. Is s composite?
False
Let f = 157277 - 89004. Is 38/(-399) + f/21 a composite number?
False
Suppose -348 = 30*g - 1638. Let z be (-884)/(-10) - (-2)/(-5). Let s = g + z. Is s a composite number?
False
Let s(c) = -2*c**3 - c**2 + 5*c + 8. Let q be s(-3). Suppose -45*w = -q*w - 9541. Is w a composite number?
True
Is ((-191154)/(-12))/((-3)/(-6)) - 6 a composite number?
True
Let b(y) = 1836*y + 1783. Is b(13) a prime number?
False
Suppose 32 = 4*n - 3*b + 7*b, 3*b + 53 = 4*n. Suppose -2*u - 6 = -4*u, d + 2*u = n. Suppose 9730 = d*m + j + 2*j, 0 = -3*m + 3*j + 5862. Is m a prime number?
True
Let w = -130723 - -240800. Is w composite?
True
Let z = 269 - 256. Suppose -8358 = -z*a + 16979. Is a a prime number?
True
Let x(g) = -14 - 8 + 14 - 413*g - 11. Is x(-6) a composite number?
False
Suppose -n = -n + 10*n - 1122890. Is n prime?
True
Suppose -2*g + 13 = 3*k, 1 = -5*g - 4*k + 30. Suppose -2*u + 1793 = 3*b, -3274 = -g*u - b + 1228. Is u a prime number?
False
Let r(v) = 2*v**3 - v**2 - v. Let l be r(0). Suppose o + 3*o + 4*a = 14856, l = 4*o + 3*a - 14851. Is o a prime number?
True
Let m(w) = w**2 + w + 1. Let z(f) = -f**3 - 3*f**2 - 5*f - 16. Let g(q) = -6*m(q) - z(q). Is g(17) a prime number?
False
Let l(r) = -4*r**3 - 12*r**2 - r + 23. Let j be l(-11). Let u = j + -269. Is u a composite number?
False
Suppose -26*t = -48315 - 54697. Let b = t + -2025. Is b composite?
True
Let i(k) = 3 + 2189*k + 871*k - 10 - 6. Is i(4) a prime number?
True
Suppose b + 4*d + 16 = 9*d, -5*b = 3*d - 32. Is 40626/8 + b/(-16) composite?
True
Suppose 43 = -3*v + 13. Is (-4 - v) + 1487 + 6 a prime number?
True
Suppose -154*c + 158*c = 32. Let m = 11 - 6. Suppose 0 = m*k + 3*y - 4604, -12 = -c*y + 4*y. Is k composite?
False
Suppose -p - 27 = o - 1, 5 = -o. Suppose 14*t = -574 - 3164. Is 23*(t/p + (-8)/(-28)) a composite number?
True
Suppose z + 7*z + 96 = 0. Let b(m) = m**3 + 13*m**2 + 12*m + 2. Let s be b(z). Suppose s*g - 2528 = 2*x, 4*x - 2*x = 4*g - 5052. Is g a prime number?
False
Let d(x) = -x**3 - 2*x**2 + 8*x - 10. Let u(k) = k**3 - 13*k**2 + k + 29. Let t be u(13). Suppose 10*z - 4*z = -t. Is d(z) a prime number?
True
Let r(i) = 4*i - 1. Let d be r(1). Suppose 5*b + 3*s = 16765, -4*b + d*s = -2*s - 13449. Suppose 2*g = 6*g - b. Is g prime?
True
Let z(t) = t**3 + 11*t**2 + 9*t - 6. Let k be z(-10). Suppose k*l + 8 = 24. Suppose 2117 = -4*q + l*x + 8273, 0 = -3*q - 5*x + 4585. Is q a prime number?
False
Let l be (2*-4*4/(-8))/2. Suppose 0 = 3*k - l*o - o - 8388, -2*o + 2811 = k. Suppose 4*u - k = -853. Is u prime?
True
Suppose 10*n - 145548 = 14*n + 4*g, 2*n + 72764 = 3*g. Let z = -12678 - n. Is z a prime number?
False
Let p = 85675 + -21032. Is p prime?
False
Suppose -3*t - 3*r + 70176 = 0, 505*r = t + 508*r - 23378. Is t a prime number?
True
Let y be (-34500)/(-36) + (-1)/3. Let l = y - 651. Is l composite?
False
Let o be (-184)/(-69)*6/(-16)*-38. Suppose o*w - 1739863 = 51039. Is w a prime number?
True
Suppose 0 = 3*p - 8*p + 5. Let w(o) = 36*o**2 + 3*o - 2. Let u be w(p). Is (u/(-74))/(891/892 + -1) a composite number?
True
Let p(v) = -2*v**2 + 9*v - 1. Let w be p(4). Suppose 8 = -w*f + 32. Is 236/(-3)*4/(f/(-3)) a prime number?
False
Suppose -3*d - 3*p + 37648 = p, -3*p - 12571 = -d. Let j = -7505 + d. Is j a prime number?
True
Let g(y) = -9069*y**3 + 12*y**2 - 118*y - 739. Is g(-6) composite?
True
Let i(v) = -v + 5. Let x = -44 - -39. Let d be i(x). Suppose -d*o + 345 = -5*o. Is o a prime number?
False
Suppose 26*q + 5*q = -20*q + 2874309. Is q a prime number?
True
Let t = 3 - 9. Let c be 2*(-2)/(-8)*(-7 - -1). Is (-30)/9 - c - 2084/t prime?
True
Let x be (0 + (-2)/(-1))*89358/12. Let c = 21894 - x. Suppose 0 = -h - p + 2335, 2*h + p = -h + c. Is h a prime number?
True
Let j be (-318)/(-5)*140/6. Suppose -r = -j + 256. Is r/6 + 23/69 a prime number?
False
Suppose -37276 + 2842 = -j. Suppose -3*p = -6*p + j. Suppose 4*o + p = 10*o. Is o a prime number?
True
Let p(g) = -g**3 - 6*g**2 - 5*g. Let a be p(-5). Let y be (-96)/384 + 2/8. Is 189 + 5 - (a + 3 + y) a composite number?
False
Let s be 328/(-4)*6/4. Suppose 3*z + 2956 = 4*h, -46*h - 4*z = -51*h + 3696. Let j = s + h. Is j composite?
False
Suppose 32 = -56*b + 64*b. Suppose 8*c - 3155 = 3*c + d, 1893 = 3*c - b*d. Is c a composite number?
False
Let c = -409 - -414. Is 19270/c - (-10)/2 prime?
False
Let t(g) = 3731*g**2 + 21*g - 91. Is t(8) composite?
True
Let v(z) = 783*z + 15. Let g be v(2). Let o be (2188/10)/(2/(-10)). Let y = o + g. Is y prime?
True
Is ((-10742932)/828)/((-4)/36) prime?
False
Let j(k) = -1474*k**2 + 45*k + 174. Let z(u) = 2212*u**2 - 67*u - 261. Let m(r) = 7*j(r) + 5*z(r). Is m(-5) prime?
False
Suppose h - 225007 = 8*z, 450047 = 2*h + 449*z - 454*z. Is h a prime number?
False
Let r be 5 - (5 - (11357 - 8/2)). Suppose -r = -19*l + 86440. Is l composite?
False
Let l(k) be the third derivative of k**4/8 + k**3 - 6*k**2. Let a be l(-2). Is 3/(a - 3) + 218 prime?
False
Let z be ((-220)/(-198))/((-2)/(-9)). Suppose -58605 = -z*u - 0*u. Is u a composite number?
True
Is (-348042)/(-10) + (-16)/(-20) a prime number?
False
Suppose 10*a = -30 + 70. Suppose -n = -3*r - 379, a*r - 1068 = -5*n + 827. Is n a composite number?
False
Let n = -5392 + 14979. Is n a composite number?
False
Let j(r) = 145*r**3 - 11*r**2 - 5*r + 390. Is j(11) a composite number?
False
Let v = -19 - -21. Suppose v = 6*u - 10. Suppose 4*s - u*h - 2*h - 3188 = 0, -3*s - 5*h + 2391 = 0. Is s a composite number?
False
Let h be (1*-2 - -2) + -200. Suppose -19*r + 4890 = -4477. Let m = r + h. Is m a prime number?
True
Let n = -4 - -8. Let b be (5 - 402990/(-54)) + n/18. Suppose -14*x - 2*a - b = -16*x, 2*x - a = 7471. Is x a composite number?
True
Let d(w) = -499*w**3 - w**2 - 5*w - 4. Let b be d(-1). Let y = 946 - b. Is y prime?
False
Suppose 5*i + 162 = 2*i. Let f be (670/(-30))/(105/i + 2). Let d = -139 - f. Is d composite?
False
Suppose 3*l + 13 = -2*b - 3*b, 0 = 4*l - 5*b - 41. Suppose -l*q - 12188 = -3*o, o - 3923 = -3*q + 118. Suppose -8*m - 1288 + o = 0. Is m a prime number?
False
Suppose 0 = 7*u - 8*u - 1. Let r be (-4)/(-2)*u - 4. Let a(d) = 16*d**2 + 16*d + 9. Is a(r) composite?
True
Let s(x) = 1381*x**2 - 4*x + 91. Is s(6) a prime number?
True
Let f(t) = -